 k**2. Determine a(-1).
-5
Let k(o) = -7*o**2 + 3*o + 6. Let u(s) = -5*s**2 + 2*s + 6. Let j(b) = -2*k(b) + 3*u(b). Suppose 4*z = 3*z. Give j(z).
6
Let l = 396 + -390. Let h(f) = -f**2 + 6*f. Determine h(l).
0
Let g(z) be the second derivative of -z**5/60 + 7*z**4/24 - 17*z**3/3 - 10*z. Let c(a) be the second derivative of g(a). Suppose -10 = -v - 4. Determine c(v).
-5
Let z(p) = 1 + p**3 - 5 + 2. Let g = -1 - -5. Suppose 4*a = 6*a - g. Calculate z(a).
6
Suppose -n - 2*c - 6 = 0, -3*n + 2*c - 3 + 9 = 0. Suppose 5*q - 22 + 2 = b, b + 5*q - 10 = n. Let x(r) = r + 11. Give x(b).
6
Let o(g) = -15*g**2. Suppose 0 = 3*t + 2*h - 1, 5*t - h = 6*t. Give o(t).
-15
Let j(h) = -17*h - 12. Let f(k) = -24*k - 18. Let w(m) = 5*f(m) - 7*j(m). Calculate w(6).
-12
Let t(q) = q**2 - 5*q - q**3 - 2*q**2 + 1 - 5*q**2. Suppose -505 = 100*g - 105. Determine t(g).
-11
Let t be 1 + 6/(-3) - -7. Let i(h) = -14 + 7 + t - 15 + 2*h. Let y be i(8). Let u(w) = -w**2 + w - 5. Determine u(y).
-5
Let v(c) = c**3 + 6*c + 3*c**2 + 3 + c**2 - c. Let a = 3398 + -3401. Determine v(a).
-3
Let v(b) be the third derivative of -b**4/12 + 8*b**3/3 + 126*b**2. What is v(8)?
0
Let u(q) = q**3 + q**2 - 7. Suppose 4*y + 20 = 2*y. Let w be (y/2)/(2/(-2)). Suppose -4*z = -1 + 5, w*j + 3*z + 3 = 0. Give u(j).
-7
Let y(l) = 7 + 30*l + 39*l + 5*l**2 - 8*l**2 - 67*l. Give y(3).
-14
Suppose x + q - 29 = -4*q, 0 = -x - 3*q + 19. Let l(h) = 3*h - 2*h - 2 - x*h. Let z = -126 + 123. Determine l(z).
7
Suppose -5*d = 5*r + 25, 4*r + 1 = 4*d - 3. Let a(o) = -5*o - 1. Calculate a(r).
14
Let m be (-34)/(-1) - 0/(-5). Let q = 29 - m. Let i(c) = 2*c. Calculate i(q).
-10
Let w(y) be the first derivative of y**7/420 - y**6/360 - 8*y**3/3 - 20. Let g(f) be the third derivative of w(f). Give g(-1).
-3
Let q be -12*(-4 + (-54)/(-12)). Let t(b) = -b**3 + 9*b**2 + 5*b + 5. Let i(v) = 3*v**3 - 26*v**2 - 14*v - 14. Let w(a) = q*i(a) - 17*t(a). Determine w(2).
1
Let o(z) = -2*z. Let b(n) = -n - 2. Let h be 99/(-55) - (-2)/(-10). Let j be b(h). Suppose 0 = s - j - 3. Calculate o(s).
-6
Let d be -3 + (-4)/(-2) + 2. Let b be -6*(2 + -1)*d. Let j = b - -3. Let l(s) = 4*s - 2. What is l(j)?
-14
Let m(u) = -4*u - 6. Suppose 0 = -5*r - 94 + 84. What is m(r)?
2
Let p(x) = 9*x + 16*x**2 - x**3 - 10*x**2 + 9 + 0 - 11*x**2. Let m be 27/(-12)*24/9. Calculate p(m).
-9
Suppose 5*z - 5 = 5. Let u be z/8 - ((-156)/16 - -4). Let b(w) = w - 4. Calculate b(u).
2
Suppose -3*o + m = -11, -27 = -3*o - 4*m + m. Suppose o*g - 6 - 4 = 0. Let z(f) = 4 - 3*f**2 - 7 + 3*f**g - f**2. Calculate z(0).
-3
Let q(n) = -6*n**2 - 5*n + 5. Let w be q(0). Let v(y) be the first derivative of y - 5/2*y**4 - 1/3*y**3 + 1/2*y**2 - w. Give v(-1).
9
Let m(a) = -a**3 - 10*a**2 + 9. Let k(v) = -v**3 + 9*v**2 - 9*v - 2. Let n be 4/(-1 - 3/(-2)). Let i be k(n). Give m(i).
9
Let u(a) = 0 + a**2 + 3 - 3 + 1. Let i = 32 - 34. What is u(i)?
5
Let b(h) = 9*h - 9. Let k(a) = 20*a - 20. Let t(w) = -w + 1. Let g(z) = -k(z) - 15*t(z). Let x(l) = -4*b(l) - 7*g(l). What is x(-1)?
2
Let p(m) = -3*m**2 - 8*m - 3. Let c(i) = -8*i**2 - 23*i - 9. Let g(o) = 4*c(o) - 11*p(o). Calculate g(-2).
9
Let y(r) be the first derivative of -r**2 - 9*r + 1. Let w = 1 - 10. Let x(s) = s**3 + 10*s**2 + 11*s + 12. Let g be x(w). What is y(g)?
3
Let u(c) = -c + 2. Let n(b) = -b + 14. Let s be n(15). What is u(s)?
3
Let q(d) = d**2 + 6*d + 3. Let i be q(-6). Let p be 2/i + 95/(-57). Let z be p/(3/((-9)/3)). Let b(x) = 18*x**3 + x**2. Determine b(z).
19
Suppose -2*b + 6 = -78*q + 79*q, -8 = -2*b - 2*q. Let p(k) = 8*k + 3. Give p(b).
19
Let j(l) = 7*l**2. Let f(b) = 6*b**2 + b + 1. Let i(r) = -f(r) + j(r). Calculate i(-2).
5
Let b(w) = 229 - 116 - 2*w - 112 + 14*w**2. Determine b(1).
13
Suppose -5*v - 3*j = -10, -4*v - 4*j = -j - 5. Let g(f) = -f + 7. What is g(v)?
2
Let j(r) = 18*r**2 + 14*r**2 + 9 + 6*r - 49*r**2 - 1 + 16*r**2. What is j(7)?
1
Let v = 99 + -106. Let a(q) = 7*q**3 - 11*q**2 + 7*q - 3. Let h(w) = 8*w**3 - 12*w**2 + 8*w - 4. Let f(y) = v*a(y) + 6*h(y). Determine f(5).
-8
Let s(d) be the first derivative of -d**4/4 + 7*d**3/3 - 9*d**2/2 + 8*d + 37. Determine s(6).
-10
Suppose -10 = 4*h - 9*h. Let d(q) = 11*q**2 + 0*q**3 - 2*q**2 - 8*q**h + 2 - q**3. Let a(l) = l**3 - 3*l**2 + 2*l. Let r be a(2). Give d(r).
2
Let q(a) = a. Let g be (-12)/16*20/(-5). Suppose 0 = g*f - 39 + 48. Determine q(f).
-3
Let h(p) = -p - 2. Let q be h(-2). Suppose 3*v + q*v - 4 = y, 3*v + 2 = 4*y. Let f(u) = u - 2. Determine f(v).
0
Let x = -24 - -30. Let i(d) be the third derivative of -d**6/720 + d**5/120 + d**4/4 - 6*d**2. Let g(q) be the second derivative of i(q). What is g(x)?
-5
Let c(p) be the third derivative of p**4/12 + p**3/6 + 2*p**2. Let i = 110 - 112. Give c(i).
-3
Let d(j) = -26 + 181*j - 43*j - 39*j - 48*j - 49*j. What is d(13)?
0
Let q = -12 + -1. Let i = -11 - q. Let y(x) = i - 1 - 1 + 2*x + 3. Give y(-5).
-7
Let d(b) = -b**2 + 7*b + 9. Let g be (22/(-6) + 1)/((-2)/6). Determine d(g).
1
Let p(f) = -f**2 - 8*f - 4. Suppose -357 = -6*q - 1071. Let t be -2*(-94)/(-28) + 34/q. Give p(t).
3
Let v = 313 + -315. Let x(c) = -c + 3. Give x(v).
5
Let w(d) be the third derivative of -1/12*d**4 - 1/60*d**5 + 10*d**2 + 1/120*d**6 + 0 + 1/2*d**3 + 0*d. Calculate w(2).
3
Suppose 5*r = z + 13, 0 = -4*z - 0*z - r + 32. Let t(b) = -b**2 + 4*b + 6. Determine t(z).
-15
Let c(k) = k**2 - 9*k + 8. Suppose -5*l + 16 = 4*b, -b + 4 = l - 4*l. Let p(y) = -y**2 + y + 6 + 3*y**2 - y**2. Let j be p(l). What is c(j)?
-10
Suppose 2*i - 16 = -8. Let b(z) = -7 - i*z + 2 + 7*z - 6*z. What is b(-4)?
7
Suppose -5*w + k = -652, -4*k - 18 = -10. Let v = w + -132. Let y(l) = 4*l + 2. Determine y(v).
-6
Let i(r) = -r**3 + 6*r**2 + 9*r - 4. Let u(k) = k**3 + k**2 - k - 3. Let z be u(2). Determine i(z).
10
Let j(k) = 3*k - 7. Let n be j(-5). Suppose h - 23 = -2*b + 6, 85 = 5*h - 2*b. Let d = n + h. Let v(w) = -w**3 - 3*w**2 + 3*w + 3. What is v(d)?
-6
Suppose 0 = 25*b - 9*b - 48. Let p(g) = -g**3 + 5*g**2 - 3*g + 3. What is p(b)?
12
Let h(t) be the second derivative of t**4/12 + t**3/3 + t**2/2 + t. Let y = -15 - -13. Let f be h(y). Let o(q) = -6*q**2 + 2*q - 1. Calculate o(f).
-5
Let p(y) be the first derivative of -y**3/3 - 3*y**2/2 - 3*y - 121. Suppose -2*k - k - j - 15 = 0, 6 = k + 4*j. Calculate p(k).
-21
Let j(d) = 16910*d + 3 - 16918*d - 3*d**2 + 2*d**2. Calculate j(-8).
3
Let j(h) be the second derivative of h**4/12 - 2*h**3/3 - 5*h**2/2 - 2*h + 11. Let x(y) = -y**2 - 4*y + 1. Let d be x(-2). Give j(d).
0
Let t(d) = 7*d - 9. Let a(q) = 4*q - 4. Let v be (3 - 2)/1 + 4. Let g(m) = v*a(m) - 3*t(m). What is g(3)?
4
Let t(n) = -6 - 230*n - 228*n + 682*n - 222*n. What is t(-2)?
-10
Let k(l) = -10*l. Let c(n) = 189*n. Let r(s) = -3*c(s) - 56*k(s). Suppose 4*w = 3*g - 8*g + 233, -5*g - 15 = 0. Let b = w - 61. Give r(b).
-7
Let t be (-2 - (-1 - 0))/(2/(-16)). Suppose -38 = t*g - 102. Let b(r) = r**2 - 9*r - 7. What is b(g)?
-15
Suppose -2*r + 0 = -4. Suppose a = -5*k - 8, 3 = r*a - 4*a + 3*k. Let l(h) = -2*h. Calculate l(a).
6
Suppose -571*k + 60 = -559*k. Let j(b) = -b + 5. Give j(k).
0
Let p(j) = 3 + j**2 + 6 + j - 44*j**3 + j + 43*j**3. What is p(0)?
9
Let k be (-21)/(-14) + (-4)/(-8). Let r(o) = -5 - 3*o + 6 - o**2 + 4*o. Determine r(k).
-1
Let u = -2 + 2. Let s = u - -5. Let f(a) = 6*a**2 - 2*a. Let t(n) = -5*n**2 + 3*n - 1. Let x(w) = -4*f(w) - 5*t(w). Determine x(s).
-5
Let s(u) be the second derivative of u**4/12 + 5*u**3/6 - 15*u**2/2 + 791*u. Give s(-7).
-1
Let c(a) = a - 1. Let s(p) = 3*p - 5. Let n = 5 + -6. Let g(f) = n*s(f) + 4*c(f). Suppose -5*r + 5*x = 0, -4*r - x - 8 = 2. Calculate g(r).
-1
Let t(y) = 2*y + 9. Suppose 67*p - 70 + 606 = 0. Determine t(p).
-7
Let b(f) = f + 8. Suppose -4*w - 5*o + 15 = -8, o = -5*w + 34. Determine b(w).
15
Let t(z) = 7*z**2 - z - 39. Let g(j) = j**2 + j. Let x(h) = 5*g(h) - t(h). Let d(l) be the first derivative of x(l). Calculate d(5).
-14
Let u(l) = -l**3 - 7*l**2 + 10*l. Let c(k) = -12*k - 524. Let h be c(-43). What is u(h)?
-16
Let v(n) be the first derivative of -n**5/40 + n**4/24 - 2*n**3/3 - 16. Let b(w) be the third derivative of v(w). Calculate b(-2).
7
Let r be (-1)/4 - 87/(-12). Suppose 0 = -2*u - 5*y, -u + 4*u + 4*y = r. Let g(p) = p**2 - 6*p - 1. Give g(u).
-6
Let o(g) = 